{"id":3428,"date":"2016-07-14T15:27:45","date_gmt":"2016-07-14T15:27:45","guid":{"rendered":"http:\/\/amigosdoweizmann.org.br\/site\/?page_id=3428"},"modified":"2025-08-17T22:30:57","modified_gmt":"2025-08-17T22:30:57","slug":"quem-somos","status":"publish","type":"page","link":"https:\/\/amigosdoweizmann.org.br\/stage\/quem-somos\/","title":{"rendered":"Quem somos"},"content":{"rendered":"\r\n<div class=\"vce-row-container\" data-vce-boxed-width=\"true\">\r\n<div id=\"el-955fe237\" class=\"vce-row vce-row--col-gap-30 vce-row-equal-height vce-row-content--top\" data-vce-do-apply=\"all el-955fe237\">\r\n<div class=\"vce-row-content\" data-vce-element-content=\"true\">\r\n\r\n\r\n<div id=\"el-b05b396d\" class=\"vce-col vce-col--md-auto vce-col--xs-1 vce-col--xs-last vce-col--xs-first vce-col--sm-last vce-col--sm-first vce-col--md-last vce-col--lg-last vce-col--xl-last vce-col--md-first vce-col--lg-first vce-col--xl-first\">\r\n<div class=\"vce-col-inner\" data-vce-do-apply=\"border margin background el-b05b396d\">\r\n<div class=\"vce-col-content\" data-vce-element-content=\"true\" data-vce-do-apply=\"padding el-b05b396d\">\r\n\r\n\r\n<div class=\"vce-text-block\">\r\n<div id=\"el-12c2ef93\" class=\"vce-text-block-wrapper vce\" data-vce-do-apply=\"all el-12c2ef93\">\r\n\r\n[vc_row][vc_column width=\"2\/3\"][vc_column_text]\r\n<h2 style=\"text-align: center;\"><strong>ASSOCIA\u00c7\u00c3O DE AMIGOS DO INSTITUTO WEIZMANN DO BRASIL<\/strong><\/h2>\r\n<p style=\"padding-left: 120px;\"><img loading=\"lazy\" class=\"alignnone size-full wp-image-2607\" src=\"https:\/\/amigosdoweizmann.org.br\/stage\/wp-content\/uploads\/2016\/04\/logo-weizmann-br-1.jpg\" alt=\"\" width=\"500\" height=\"100\" srcset=\"https:\/\/amigosdoweizmann.org.br\/stage\/wp-content\/uploads\/2016\/04\/logo-weizmann-br-1.jpg 500w, https:\/\/amigosdoweizmann.org.br\/stage\/wp-content\/uploads\/2016\/04\/logo-weizmann-br-1-768x153.jpg 768w\" sizes=\"(max-width: 500px) 100vw, 500px\" \/><\/p>\r\n<p style=\"text-align: center;\"><strong><em>Instituto Weizmann de Ci\u00eancias: onde a ci\u00eancia e a curiosidade florescem<\/em><\/strong><\/p>\r\nO <a href=\"https:\/\/www.weizmann.ac.il\/\" target=\"_blank\" rel=\"noopener noreferrer\"><strong>Instituto Weizmann de Ci\u00eancias<\/strong><\/a>, localizado em Rehovot, Israel, \u00e9 um dos principais institutos multidisciplinares do mundo, contando com mais de 3.000 cientistas, t\u00e9cnicos de laborat\u00f3rios e estudantes. H\u00e1 mais de 70 anos re\u00fane esfor\u00e7os que incluem a busca por novas formas de combater doen\u00e7as e proteger o meio ambiente. Guiado exclusivamente pela curiosidade, realiza pesquisa b\u00e1sica nas \u00e1reas de F\u00edsica, Qu\u00edmica, Biologia, Bioqu\u00edmica, Matem\u00e1tica e Ci\u00eancias da Computa\u00e7\u00e3o.\r\n\r\nAs descobertas cient\u00edficas que mudam o panorama em um determinado campo s\u00e3o resultado da capacidade de um cientista de antever solu\u00e7\u00f5es e possibilidades ousadas e anticonvencionais, baseando-se, em muitos casos, em outras disciplinas cient\u00edficas. No <a href=\"https:\/\/www.weizmann.ac.il\/\" target=\"_blank\" rel=\"noopener noreferrer\"><strong>Instituto Weizmann de Ci\u00eancias<\/strong><\/a> essa cultura de curiosidade e colabora\u00e7\u00e3o \u00e9 inata, \u00e9 o que o torna um lugar t\u00e3o especial.\r\n\r\nO<strong> Grupo de Amigos do Weizmann<\/strong> do Brasil \u00e9 uma associa\u00e7\u00e3o brasileira sem fins lucrativos que visa apoiar o <a href=\"https:\/\/www.weizmann.ac.il\/\" target=\"_blank\" rel=\"noopener noreferrer\"><strong>Instituto Weizmann de Ci\u00eancias<\/strong><\/a> na manuten\u00e7\u00e3o de sua excel\u00eancia na pesquisa e na sua significativa contribui\u00e7\u00e3o ao mundo, divulgando suas a\u00e7\u00f5es, promovendo o interc\u00e2mbio entre o Brasil e o Instituto, fomentando a pesquisa de ponta e o desenvolvimento para benef\u00edcio da humanidade.[\/vc_column_text][vc_column_text]\r\n<h3 style=\"text-align: center;\"><strong>Sess\u00e3o Acad\u00eamica<\/strong><\/h3>\r\nA associa\u00e7\u00e3o de Amigos do Instituto Weizmann do Brasil, sob a coordena\u00e7\u00e3o cient\u00edfica da Profa. Regina P. Markus, conta com um grande n\u00famero de pessoas e institui\u00e7\u00f5es da \u00e1rea cient\u00edfica e educacional na consecu\u00e7\u00e3o de nossa miss\u00e3o.\r\n<h3><strong>Banca examinadora:\r\n<\/strong><\/h3>\r\nRegina P. Markus\r\nAlicia Kowaltowski\r\nAna Claudia Torrecilhas\r\nFrida Marina Fischer\r\nHenrique Von Dreifus\r\nIrene Ficheman\r\nMariano Zalis\r\nNancy Starobinas\r\nPaulo A. Nussenzveig\r\nRoxana Tabakman\r\nVivian Lederman\r\n\r\n[\/vc_column_text][\/vc_column][vc_column width=\"1\/3\" css=\".vc_custom_1492031859496{margin-top: 70px !important;}\"][vc_column_text]\r\n<h3><strong>DIRETORIA<\/strong><\/h3>\r\nPresidente\r\n<strong>Mario Fleck<\/strong>\r\n\r\nVice-Presidente\r\n<strong>Regina Pekelman Markus<\/strong>\r\n\r\nVice-Presidente - Rio de Janeiro\r\n<strong>Mariano Zalis<\/strong>\r\n\r\nSecret\u00e1ria\r\n<strong>Angela Maria Fernandes Brand\u00e3o<\/strong>\r\n\r\nTesoureiro\r\n<strong>Sergio Lozinsky<\/strong>\r\n\r\nDiretora de Comunica\u00e7\u00e3o\r\n<strong>Roxana Tabakman<\/strong>\r\n<em>E-mail: roxanaweizmannbrasil@gmail.com<\/em>[\/vc_column_text][vc_column_text]\r\n<div class=\"wpb_text_column wpb_content_element \">\r\n<div class=\"wpb_wrapper\">\r\n<h3><strong>EQUIPE<\/strong><\/h3>\r\nCEO para Am\u00e9rica Latina\r\n<strong>Dany Schmit<\/strong>\r\n\r\nDiretora - Brasil\r\n<strong>Claudia Issler<\/strong>\r\n<em>E-mail: claudia.issler@weizmann.ac.il<\/em>\r\n\r\nCoordenadora Executiva - Brasil\r\n<strong>Juliana Burd<\/strong>\r\n<em>E-mail: juliana.burd@weizmann.ac.il<\/em>\r\n\r\nAssessora de Imprensa\r\n<strong>Liane Gotlib Zaidler<\/strong>\r\n<em>E-mail: lianegz@terra.com.br<\/em>\r\n\r\n<\/div>\r\n<\/div>\r\n[\/vc_column_text][\/vc_column][\/vc_row][vc_row][vc_column][vc_single_image image=\"3728\" img_size=\"full\"][\/vc_column][\/vc_row]\r\n\r\n<\/div>\r\n<\/div>\r\n\r\n\r\n<\/div>\r\n<\/div>\r\n<\/div>\r\n\r\n\r\n<\/div>\r\n<\/div>\r\n<\/div>\r\n\n","protected":false},"excerpt":{"rendered":"<p>[vc_row][vc_column width=&#8221;2\/3&#8243;][vc_column_text] ASSOCIA\u00c7\u00c3O DE AMIGOS DO INSTITUTO WEIZMANN DO BRASIL Instituto Weizmann de Ci\u00eancias: onde a ci\u00eancia e a curiosidade florescem O Instituto Weizmann de Ci\u00eancias, localizado em Rehovot, Israel, \u00e9 um dos principais institutos multidisciplinares do mundo, contando com mais de 3.000 cientistas, t\u00e9cnicos de laborat\u00f3rios e estudantes. H\u00e1 mais de 70 anos re\u00fane esfor\u00e7os que incluem a busca por novas formas de combater doen\u00e7as e proteger o meio ambiente. Guiado exclusivamente pela curiosidade, realiza pesquisa b\u00e1sica nas \u00e1reas de F\u00edsica, Qu\u00edmica, Biologia, Bioqu\u00edmica, Matem\u00e1tica e Ci\u00eancias da Computa\u00e7\u00e3o. As descobertas cient\u00edficas que mudam o panorama em um determinado campo s\u00e3o resultado da capacidade de um cientista de antever solu\u00e7\u00f5es e possibilidades ousadas e anticonvencionais, baseando-se, em muitos casos, em outras disciplinas cient\u00edficas. No Instituto Weizmann de Ci\u00eancias essa cultura de curiosidade e colabora\u00e7\u00e3o \u00e9 inata, \u00e9 o que o torna um lugar t\u00e3o especial. O Grupo de Amigos do Weizmann do Brasil \u00e9 uma associa\u00e7\u00e3o brasileira sem fins lucrativos que visa apoiar o Instituto Weizmann de Ci\u00eancias na manuten\u00e7\u00e3o de sua excel\u00eancia na pesquisa e na sua significativa contribui\u00e7\u00e3o ao mundo, divulgando suas a\u00e7\u00f5es, promovendo o interc\u00e2mbio entre o Brasil e o Instituto, fomentando a pesquisa de ponta e o desenvolvimento para benef\u00edcio da humanidade.[\/vc_column_text][vc_column_text] Sess\u00e3o Acad\u00eamica A associa\u00e7\u00e3o de Amigos do Instituto Weizmann do Brasil, sob a coordena\u00e7\u00e3o cient\u00edfica da Profa. Regina P. Markus, conta com um grande n\u00famero de pessoas e institui\u00e7\u00f5es da \u00e1rea cient\u00edfica e educacional na consecu\u00e7\u00e3o de nossa miss\u00e3o. Banca examinadora: Regina P. Markus Alicia Kowaltowski Ana Claudia Torrecilhas Frida Marina Fischer Henrique Von Dreifus Irene Ficheman Mariano Zalis Nancy Starobinas Paulo A. Nussenzveig Roxana Tabakman Vivian Lederman [\/vc_column_text][\/vc_column][vc_column width=&#8221;1\/3&#8243; css=&#8221;.vc_custom_1492031859496{margin-top: 70px !important;}&#8221;][vc_column_text] DIRETORIA Presidente Mario Fleck Vice-Presidente Regina Pekelman Markus Vice-Presidente &#8211; Rio de Janeiro Mariano Zalis Secret\u00e1ria Angela Maria Fernandes Brand\u00e3o Tesoureiro Sergio Lozinsky Diretora de Comunica\u00e7\u00e3o Roxana Tabakman E-mail: roxanaweizmannbrasil@gmail.com[\/vc_column_text][vc_column_text] EQUIPE CEO para Am\u00e9rica Latina Dany Schmit Diretora &#8211; Brasil Claudia Issler E-mail: claudia.issler@weizmann.ac.il Coordenadora Executiva &#8211; Brasil Juliana Burd E-mail: juliana.burd@weizmann.ac.il Assessora de Imprensa Liane Gotlib Zaidler E-mail: lianegz@terra.com.br [\/vc_column_text][\/vc_column][\/vc_row][vc_row][vc_column][vc_single_image image=&#8221;3728&#8243; img_size=&#8221;full&#8221;][\/vc_column][\/vc_row]<\/p>\n","protected":false},"author":2,"featured_media":0,"parent":0,"menu_order":0,"comment_status":"closed","ping_status":"closed","template":"","meta":{"_monsterinsights_skip_tracking":false,"_monsterinsights_sitenote_active":false,"_monsterinsights_sitenote_note":"","_monsterinsights_sitenote_category":0},"aioseo_notices":[],"_links":{"self":[{"href":"https:\/\/amigosdoweizmann.org.br\/stage\/wp-json\/wp\/v2\/pages\/3428"}],"collection":[{"href":"https:\/\/amigosdoweizmann.org.br\/stage\/wp-json\/wp\/v2\/pages"}],"about":[{"href":"https:\/\/amigosdoweizmann.org.br\/stage\/wp-json\/wp\/v2\/types\/page"}],"author":[{"embeddable":true,"href":"https:\/\/amigosdoweizmann.org.br\/stage\/wp-json\/wp\/v2\/users\/2"}],"replies":[{"embeddable":true,"href":"https:\/\/amigosdoweizmann.org.br\/stage\/wp-json\/wp\/v2\/comments?post=3428"}],"version-history":[{"count":47,"href":"https:\/\/amigosdoweizmann.org.br\/stage\/wp-json\/wp\/v2\/pages\/3428\/revisions"}],"predecessor-version":[{"id":12111,"href":"https:\/\/amigosdoweizmann.org.br\/stage\/wp-json\/wp\/v2\/pages\/3428\/revisions\/12111"}],"wp:attachment":[{"href":"https:\/\/amigosdoweizmann.org.br\/stage\/wp-json\/wp\/v2\/media?parent=3428"}],"curies":[{"name":"wp","href":"https:\/\/api.w.org\/{rel}","templated":true}]}}