{"id":7869,"date":"2020-02-17T18:07:31","date_gmt":"2020-02-17T18:07:31","guid":{"rendered":"http:\/\/amigosdoweizmann.org.br\/stage\/?page_id=7869"},"modified":"2024-10-29T00:02:03","modified_gmt":"2024-10-29T00:02:03","slug":"the-paulo-pinheiro-de-andrade-fellowship","status":"publish","type":"page","link":"https:\/\/amigosdoweizmann.org.br\/stage\/the-paulo-pinheiro-de-andrade-fellowship\/","title":{"rendered":"The Paulo Pinheiro de Andrade Fellowship"},"content":{"rendered":"<p>[vc_row][vc_column][vc_column_text]<\/p>\n<h2 style=\"text-align: left;\"><strong><img loading=\"lazy\" class=\"alignnone size-full wp-image-4217\" src=\"http:\/\/amigosdoweizmann.org.br\/stage\/wp-content\/uploads\/2017\/04\/miniflag-israel.jpg\" alt=\"\" width=\"27\" height=\"15\" srcset=\"https:\/\/amigosdoweizmann.org.br\/stage\/wp-content\/uploads\/2017\/04\/miniflag-israel.jpg 27w, https:\/\/amigosdoweizmann.org.br\/stage\/wp-content\/uploads\/2017\/04\/miniflag-israel-768x426.jpg 768w\" sizes=\"(max-width: 27px) 100vw, 27px\" \/><img loading=\"lazy\" class=\"alignnone size-full wp-image-4216\" src=\"http:\/\/amigosdoweizmann.org.br\/stage\/wp-content\/uploads\/2017\/04\/miniflag-brasil.jpg\" alt=\"\" width=\"27\" height=\"15\" srcset=\"https:\/\/amigosdoweizmann.org.br\/stage\/wp-content\/uploads\/2017\/04\/miniflag-brasil.jpg 27w, https:\/\/amigosdoweizmann.org.br\/stage\/wp-content\/uploads\/2017\/04\/miniflag-brasil-768x426.jpg 768w\" sizes=\"(max-width: 27px) 100vw, 27px\" \/>\u00a0The Paulo Pinheiro de Andrade Fellowship<\/strong><\/h2>\n<p>[\/vc_column_text][\/vc_column][\/vc_row][vc_row][vc_column][vc_column_text]<a href=\"http:\/\/amigosdoweizmann.org.br\/stage\/wp-content\/uploads\/2024\/08\/Flyer_Paulo.jpg\"><img loading=\"lazy\" class=\"wp-image-10437 alignleft\" src=\"http:\/\/amigosdoweizmann.org.br\/stage\/wp-content\/uploads\/2024\/08\/Flyer_Paulo.jpg\" alt=\"\" width=\"387\" height=\"551\" srcset=\"https:\/\/amigosdoweizmann.org.br\/stage\/wp-content\/uploads\/2024\/08\/Flyer_Paulo.jpg 1124w, https:\/\/amigosdoweizmann.org.br\/stage\/wp-content\/uploads\/2024\/08\/Flyer_Paulo-768x1093.jpg 768w, https:\/\/amigosdoweizmann.org.br\/stage\/wp-content\/uploads\/2024\/08\/Flyer_Paulo-320x455.jpg 320w, https:\/\/amigosdoweizmann.org.br\/stage\/wp-content\/uploads\/2024\/08\/Flyer_Paulo-480x683.jpg 480w, https:\/\/amigosdoweizmann.org.br\/stage\/wp-content\/uploads\/2024\/08\/Flyer_Paulo-800x1138.jpg 800w\" sizes=\"(max-width: 387px) 100vw, 387px\" \/><\/a><\/p>\n<h3><strong>Bolsa de p\u00f3s-doutorado exclusiva para brasileiros em qualquer \u00e1rea de pesquisa<\/strong><\/h3>\n<p><strong>\u00a0<\/strong><\/p>\n<p>Estabelecida por Marcos Pinheiro de Andrade e Vanessa Buchheim para apoiar p\u00f3s doutorandos do Brasil. Os interessados podem se candidatar em qualquer \u00e1rea de pesquisa no Instituto Weizmann de Ci\u00eancias.<\/p>\n<p>O programa permitir\u00e1 ao contemplado(a) fazer parte de uma comunidade altamente diversificada de cientistas inteligentes e comprometidos provenientes de muitos pa\u00edses, por um per\u00edodo de dois anos, trabalhando diretamente com grupos de pesquisa na vanguarda de seus campos.<\/p>\n<p>A excepcional equipe e as instala\u00e7\u00f5es do Instituto Weizmann de Ci\u00eancias fornecer\u00e3o uma base poderosa para o futuro profissional.[\/vc_column_text][vc_empty_space height=&#8221;100px&#8221;][vc_empty_space height=&#8221;100px&#8221;][\/vc_column][\/vc_row][vc_row full_width=&#8221;stretch_row_content&#8221;][vc_column][vc_column_text]<strong>Requisitos m\u00ednimos<\/strong><br \/>\nA bolsa \u00e9 concedida a candidatos brasileiros excepcionalmente qualificados. Os candidatos a este programa devem atender aos seguintes requisitos:<br \/>\n\u00b7 Ter cidadania brasileira ou resid\u00eancia brasileira.<br \/>\n\u00b7 Atender aos requisitos acad\u00eamicos do Instituto Weizmann de Ci\u00eancias.<br \/>\n\u00b7 Ter doutorado PhD ou MD em uma institui\u00e7\u00e3o credenciada de ensino superior, ou confirma\u00e7\u00e3o de tal institui\u00e7\u00e3o de cumprimento das exig\u00eancias de doutorado incluindo a submiss\u00e3o de uma tese.<br \/>\n\u00b7 Ter recebido a confirma\u00e7\u00e3o do doutorado no m\u00e1ximo quatro anos antes da data designada para o in\u00edcio o Programa Paulo Pinheiro de Andrade Fellowship.<br \/>\n\u00b7 O in\u00edcio do p\u00f3s-doutorado deve ocorrer dentro de 6 meses ap\u00f3s o recebimento da bolsa. Circunst\u00e2ncias especiais podem ser consideradas.<br \/>\n\u00b7 O prazo da chamada para os anos letivos 2024-2025 e 2025-2026 \u00e9 at\u00e9 15 de setembro de 2024.<\/p>\n<p><strong>Documentos necess\u00e1rios:<\/strong><br \/>\n&#8211; Um curr\u00edculo atualizado e lista de publica\u00e7\u00f5es.<br \/>\n&#8211; Certificado de aprova\u00e7\u00e3o do PhD ou submiss\u00e3o da tese.<br \/>\n&#8211; Um plano de pesquisa (at\u00e9 2 p\u00e1ginas).<br \/>\n&#8211; Duas cartas de recomenda\u00e7\u00e3o (uma das quais deve ser do orientador de PhD).<br \/>\n&#8211; Uma carta de compromisso do potencial anfitri\u00e3o no WIS.<\/p>\n<p><strong><br \/>\nComo aplicar<\/strong><br \/>\nPara concorrer a essa bolsa o candidato deve ser aceito pelo pesquisador\/orientador do Instituto Weizmann de Ci\u00eancias em cujo laborat\u00f3rio gostaria de realizar pesquisas.<br \/>\nParalelamente, deve apresentar um pedido formal para calls.fgs@weizmann.ac.il especificando que \u00e9 para a Paulo Pinheiro de Andrade Fellowship.<\/p>\n<p>As instru\u00e7\u00f5es e procedimento est\u00e3o no site:<br \/>\n<strong><a href=\"https:\/\/www.weizmann.ac.il\/feinberg\/fellowship-aid\/postdoc-fellowship-opportunities\" target=\"_blank\" rel=\"noopener noreferrer\">https:\/\/www.weizmann.ac.il\/feinberg\/fellowship-aid\/postdoc-fellowship-opportunities<\/a><\/strong><\/p>\n<p><strong><br \/>\nFeinberg Graduate School<\/strong><br \/>\nDesde sua cria\u00e7\u00e3o, em 1958, como bra\u00e7o acad\u00eamico do Instituto Weizmann de Ci\u00eancia e respons\u00e1vel por todos os assuntos dos estudantes e do p\u00f3s-doutorado. A Escola para graduados Feinberg estabeleceu sua reputa\u00e7\u00e3o como um centro multidisciplinar onde os alunos se esfor\u00e7am para alcan\u00e7ar os mais altos n\u00edveis de conhecimento e compreens\u00e3o, sob a orienta\u00e7\u00e3o de pesquisadores criativos e originais de ci\u00eancias naturais e de matem\u00e1tica.[\/vc_column_text][\/vc_column][\/vc_row][vc_row][vc_column][vc_empty_space][\/vc_column][\/vc_row][vc_row][vc_column width=&#8221;2\/4&#8243;][vc_video link=&#8221;https:\/\/www.youtube.com\/watch?v=D69Pw6HtyNU&#8221;][\/vc_column][vc_column width=&#8221;2\/4&#8243;][vc_column_text]<\/p>\n<h3 style=\"font-weight: 400;\"><strong>Camila Pinto da Cunha &#8211;\u00a0Primeira bolsista (2020-2022)<em>\u00a0The\u00a0<\/em><em>Paulo<\/em><em>\u00a0Pinheiro de Andrade Fellowship<\/em><\/strong><\/h3>\n<p style=\"font-weight: 400;\">Camila Pinto da Cunha\u00a0conquistou a bolsa de p\u00f3s-doutorado exclusiva para brasileiros \u00a0<em>The\u00a0<\/em><em>Paulo<\/em><em>\u00a0Pinheiro de Andrade Fellowship<\/em>. A bolsa \u00e9 concedida a candidatos excepcionalmente qualificados para trabalhar com grupos de pesquisa no Instituto Weizmann de Ci\u00eancias em Israel por um per\u00edodo de dois anos.<\/p>\n<p>[\/vc_column_text][\/vc_column][\/vc_row][vc_row][vc_column][vc_column_text]Camila \u00e9 Engenheira Agr\u00f4noma e Licenciada em Ci\u00eancias Agr\u00e1rias pela Universidade de S\u00e3o Paulo (USP), onde tamb\u00e9m realizou mestrado. Tem doutorado em Gen\u00e9tica e Biologia Molecular pela Universidade Estadual de Campinas (Unicamp) e j\u00e1 fez p\u00f3s-doutorado no atual Laborat\u00f3rio Nacional de Biorrenov\u00e1veis (LNBR) do Centro Nacional de Pesquisa em Energia e Materiais (CNPEM). Camila tamb\u00e9m \u00e9 especialista em jornalismo cient\u00edfico pelo Labjor (Unicamp).<\/p>\n<p>Desde o doutorado, ela estuda o desenvolvimento da cana-de-a\u00e7\u00facar.\u00a0 No Instituto Weizmann, integrar\u00e1 a equipe do Prof. Yuval Eshed, um dos pioneiros no estudo da transi\u00e7\u00e3o floral de meristemas, usando o tomate como planta modelo. A pesquisa de p\u00f3s-doutorado pretende obter uma melhor compreens\u00e3o da biologia do florescimento.<\/p>\n<p>No Weizmann, Camila realizar\u00e1 uma pesquisa de ci\u00eancia b\u00e1sica, fundamental para garantir a produ\u00e7\u00e3o agr\u00edcola e conservar esp\u00e9cies nativas, principalmente em tempos de crise clim\u00e1tica.[\/vc_column_text][\/vc_column][\/vc_row][vc_row css=&#8221;.vc_custom_1596149758216{margin-bottom: 40px !important;}&#8221;][vc_column css=&#8221;.vc_custom_1596149975982{padding-top: 20px !important;padding-right: 20px !important;padding-bottom: 20px !important;padding-left: 20px !important;background-color: #f7f7f7 !important;}&#8221;][vc_column_text css=&#8221;.vc_custom_1596150332584{padding-right: 40px !important;}&#8221;]<\/p>\n<h2 style=\"padding-left: 30px;\"><a href=\"http:\/\/amigosdoweizmann.org.br\/stage\/conheca-camila-pinto-da-cunha-a-1a-recipiente-da-bolsa-the-paulo-pinheiro-de-andrade-fellowship\/\"><img loading=\"lazy\" class=\" wp-image-8505 alignleft\" src=\"http:\/\/amigosdoweizmann.org.br\/stage\/wp-content\/uploads\/2020\/07\/Foto-Perfil-CamilaCunha.png\" alt=\"\" width=\"177\" height=\"208\" \/><\/a><\/h2>\n<h2 style=\"padding-left: 30px;\"><\/h2>\n<h2 style=\"padding-left: 30px;\"><a href=\"http:\/\/amigosdoweizmann.org.br\/stage\/conheca-camila-pinto-da-cunha-a-1a-recipiente-da-bolsa-the-paulo-pinheiro-de-andrade-fellowship\/\"><strong><br \/>\nConhe\u00e7a Camila Pinto da Cunha, a 1a recipiente da bolsa The Paulo Pinheiro de Andrade Fellowship<\/strong><\/a><\/h2>\n<p>[\/vc_column_text][\/vc_column][\/vc_row]<\/p>\n","protected":false},"excerpt":{"rendered":"<p>[vc_row][vc_column][vc_column_text] \u00a0The Paulo Pinheiro de Andrade Fellowship [\/vc_column_text][\/vc_column][\/vc_row][vc_row][vc_column][vc_column_text] Bolsa de p\u00f3s-doutorado exclusiva para brasileiros em qualquer \u00e1rea de pesquisa \u00a0 Estabelecida por Marcos Pinheiro de Andrade e Vanessa Buchheim para apoiar p\u00f3s doutorandos do Brasil. Os interessados podem se candidatar em qualquer \u00e1rea de pesquisa no Instituto Weizmann de Ci\u00eancias. O programa permitir\u00e1 ao contemplado(a) fazer parte de uma comunidade altamente diversificada de cientistas inteligentes e comprometidos provenientes de muitos pa\u00edses, por um per\u00edodo de dois anos, trabalhando diretamente com grupos de pesquisa na vanguarda de seus campos. A excepcional equipe e as instala\u00e7\u00f5es do Instituto Weizmann de Ci\u00eancias fornecer\u00e3o uma base poderosa para o futuro profissional.[\/vc_column_text][vc_empty_space height=&#8221;100px&#8221;][vc_empty_space height=&#8221;100px&#8221;][\/vc_column][\/vc_row][vc_row full_width=&#8221;stretch_row_content&#8221;][vc_column][vc_column_text]Requisitos m\u00ednimos A bolsa \u00e9 concedida a candidatos brasileiros excepcionalmente qualificados. Os candidatos a este programa devem atender aos seguintes requisitos: \u00b7 Ter cidadania brasileira ou resid\u00eancia brasileira. \u00b7 Atender aos requisitos acad\u00eamicos do Instituto Weizmann de Ci\u00eancias. \u00b7 Ter doutorado PhD ou MD em uma institui\u00e7\u00e3o credenciada de ensino superior, ou confirma\u00e7\u00e3o de tal institui\u00e7\u00e3o de cumprimento das exig\u00eancias de doutorado incluindo a submiss\u00e3o de uma tese. \u00b7 Ter recebido a confirma\u00e7\u00e3o do doutorado no m\u00e1ximo quatro anos antes da data designada para o in\u00edcio o Programa Paulo Pinheiro de Andrade Fellowship. \u00b7 O in\u00edcio do p\u00f3s-doutorado deve ocorrer dentro de 6 meses ap\u00f3s o recebimento da bolsa. Circunst\u00e2ncias especiais podem ser consideradas. \u00b7 O prazo da chamada para os anos letivos 2024-2025 e 2025-2026 \u00e9 at\u00e9 15 de setembro de 2024. Documentos necess\u00e1rios: &#8211; Um curr\u00edculo atualizado e lista de publica\u00e7\u00f5es. &#8211; Certificado de aprova\u00e7\u00e3o do PhD ou submiss\u00e3o da tese. &#8211; Um plano de pesquisa (at\u00e9 2 p\u00e1ginas). &#8211; Duas cartas de recomenda\u00e7\u00e3o (uma das quais deve ser do orientador de PhD). &#8211; Uma carta de compromisso do potencial anfitri\u00e3o no WIS. Como aplicar Para concorrer a essa bolsa o candidato deve ser aceito pelo pesquisador\/orientador do Instituto Weizmann de Ci\u00eancias em cujo laborat\u00f3rio gostaria de realizar pesquisas. Paralelamente, deve apresentar um pedido formal para calls.fgs@weizmann.ac.il especificando que \u00e9 para a Paulo Pinheiro de Andrade Fellowship. As instru\u00e7\u00f5es e procedimento est\u00e3o no site: https:\/\/www.weizmann.ac.il\/feinberg\/fellowship-aid\/postdoc-fellowship-opportunities Feinberg Graduate School Desde [&hellip;]<\/p>\n","protected":false},"author":2,"featured_media":7865,"parent":0,"menu_order":0,"comment_status":"closed","ping_status":"closed","template":"","meta":{"_monsterinsights_skip_tracking":false,"_monsterinsights_sitenote_active":false,"_monsterinsights_sitenote_note":"","_monsterinsights_sitenote_category":0},"aioseo_notices":[],"_links":{"self":[{"href":"https:\/\/amigosdoweizmann.org.br\/stage\/wp-json\/wp\/v2\/pages\/7869"}],"collection":[{"href":"https:\/\/amigosdoweizmann.org.br\/stage\/wp-json\/wp\/v2\/pages"}],"about":[{"href":"https:\/\/amigosdoweizmann.org.br\/stage\/wp-json\/wp\/v2\/types\/page"}],"author":[{"embeddable":true,"href":"https:\/\/amigosdoweizmann.org.br\/stage\/wp-json\/wp\/v2\/users\/2"}],"replies":[{"embeddable":true,"href":"https:\/\/amigosdoweizmann.org.br\/stage\/wp-json\/wp\/v2\/comments?post=7869"}],"version-history":[{"count":22,"href":"https:\/\/amigosdoweizmann.org.br\/stage\/wp-json\/wp\/v2\/pages\/7869\/revisions"}],"predecessor-version":[{"id":8451,"href":"https:\/\/amigosdoweizmann.org.br\/stage\/wp-json\/wp\/v2\/pages\/7869\/revisions\/8451"}],"wp:featuredmedia":[{"embeddable":true,"href":"https:\/\/amigosdoweizmann.org.br\/stage\/wp-json\/wp\/v2\/media\/7865"}],"wp:attachment":[{"href":"https:\/\/amigosdoweizmann.org.br\/stage\/wp-json\/wp\/v2\/media?parent=7869"}],"curies":[{"name":"wp","href":"https:\/\/api.w.org\/{rel}","templated":true}]}}